ose 3*d + o = 75267, d - 279*o = -277*o + 25075. Is d a composite number?
False
Let f(m) = -m**3 + 23*m**2 + m - 19. Let l be f(23). Suppose 6*h - 7856 = 2*h. Suppose 0*x + h = l*x. Is x a prime number?
True
Suppose 49*n - 60*n + 921593 = 261516. Is n composite?
True
Suppose 79*l - 309872 - 490857 = -85068. Is l composite?
False
Let a = 83 - 78. Suppose 5*p = 2*l - 566, -a*l - 13*p + 1445 = -18*p. Is l composite?
False
Let s be (-6)/(-16) + (-554)/(-16). Suppose 8958 = 37*a - s*a. Is a composite?
True
Suppose 76*g + 2934023 = 29877315. Is g a prime number?
False
Let t = 25 + -21. Let m(f) = 28*f + 0 - 1 + 0 + t. Is m(3) composite?
True
Let s = -1513477 - -2375075. Is s prime?
False
Let q = 20862 - 10979. Is q composite?
False
Let a be (-565)/4 - 2/(-8). Let y = -67 - a. Let l = y - -152. Is l a composite number?
True
Let g(a) = 38*a**2 - 10*a + 180. Let f(y) = -38*y**2 + 11*y - 180. Let z(p) = 3*f(p) + 4*g(p). Is z(-14) prime?
False
Let q = 230 - 228. Suppose q*f - f - 1843 = 0. Is f composite?
True
Suppose 0 = 5*w + 4*j - 3993, 3192 = 4*w - 7*j + 9*j. Is w prime?
True
Let i = 139 + -122. Suppose -i*r = -13*r - 1564. Is r composite?
True
Let s = 2544 + -1022. Suppose -3*b + 3*w = -4*b + 767, 0 = -2*b - 3*w + s. Is b a prime number?
False
Let c(v) = v - 4. Let q be c(6). Suppose 0 = q*i + 8*i - 1110. Suppose 0 = -8*l + 1031 - i. Is l composite?
True
Let w(j) be the third derivative of -161*j**4/24 + 11*j**3/3 + j**2 - 30*j. Is w(-9) a prime number?
True
Suppose 2*q - 1200685 - 691588 = -3*f, -q + 4*f = -946087. Is q prime?
True
Let r = 26 + -41. Let o be (9980/r)/(4/(-6)). Suppose 2*h - o = -4*i, h - 3*h = 3*i - 747. Is i a prime number?
True
Let s(u) = -6114*u + 216. Let d be s(-5). Suppose 5*j - d = -j. Is j a composite number?
True
Let n = -14320 - -27682. Suppose 3*i = 12147 + n. Is i a prime number?
False
Let j(c) be the third derivative of 31*c**4/24 - 3*c**3 + 10*c**2. Let y be j(5). Suppose 2*k - y = 93. Is k prime?
False
Let q(v) = 3*v**2 - 34*v - 25. Let u(f) = 5*f**2 - 52*f - 37. Let g(m) = 8*q(m) - 5*u(m). Let z be g(-9). Is (-677)/(z/4 - 4) prime?
True
Suppose 3*m - 4*o + 2*o - 3210299 = 0, -2*m + 2140210 = 4*o. Is m a prime number?
False
Suppose 0 = 45*n + 83155 + 155120. Let x = 7666 + n. Is x prime?
True
Suppose 9334 = h - 3*u, -3*u - 22 = -7. Suppose -20135 - h = -6*f. Is f composite?
False
Suppose -2*h + 5720 + 2196 = 0. Suppose 4*u = 17086 + h. Is u a prime number?
True
Let l(u) be the third derivative of 0*u - 1/6*u**4 - 2*u**2 - 5/6*u**3 + 851/60*u**5 + 0. Is l(-2) composite?
False
Let u(w) = -183*w**2 - 8*w + 65. Let x be u(7). Let z = x + 12949. Is z a composite number?
True
Suppose -2*h + 5*h = -75. Let l = h - -54. Let o = l - -156. Is o composite?
True
Let r(y) = 8655*y**2 + 48*y - 202. Is r(5) a prime number?
False
Let j = 237 + -232. Suppose -9*r = -j*r - 6556. Is r composite?
True
Suppose -4*a = 3*v + 1, 2*a + v - 6*v + 7 = 0. Let d(z) = -13*z**2 - 9*z - 66. Let k be d(-10). Is 12/(4/a) + k/(-2) a prime number?
False
Is 3*4/(-6) - (-43 + -15528) a composite number?
False
Let i = -210 + 196. Is 4/i - 697455/(-231) composite?
False
Is (-280728)/(-14) + (28/(-6) - 6/18) a composite number?
False
Let j be 8*-2*2*(-21)/12. Is (j + -59)/(5872/5878 - 1) prime?
True
Let v = 1100635 - 563796. Is v composite?
False
Suppose 5*k + 7 = -4*q + 19, -3*k + 3 = q. Let g(j) = 2*j**2 + 131*j + 270. Let m be g(-69). Suppose -242 + 744 = 2*a - 2*v, -q*a - 5*v = -m. Is a prime?
True
Let i(q) = -564*q**3 + 558*q**3 + 12*q - 8*q**2 - 6 - 13*q. Is i(-4) a composite number?
True
Let t be 3 + 1413 - 2 - 1. Let g = -182 + 116. Let f = t + g. Is f composite?
True
Let l = 52 + 172. Suppose -1591 = -s - l. Is s composite?
False
Let a = -135 + 138. Suppose -4*c - 5*q + 15 = 0, 5 = -c + a*q + 13. Suppose -c*h = -2*y + 412, -h - 2*h + 217 = y. Is y a prime number?
True
Suppose 4*y + 11*a = 12*a + 653205, 2*a = -2*y + 326600. Is y prime?
False
Suppose -17 = -2*f - 11. Suppose 3*z + 2*y - 11472 = -y, 11460 = f*z - y. Is z a prime number?
True
Suppose d + 2967214 = 35*d - 3808. Is d prime?
True
Let d(g) = g. Let j(t) = 7 - 3 - 2 - 39*t + 0. Let a(o) = 4*d(o) + j(o). Is a(-1) a composite number?
False
Let g(q) = -q**2 - 6*q - 1. Let n be g(-5). Suppose 4*l = -3*h - 6918, -h + 0*l = n*l + 2314. Is h/(-7) + (-5)/(-35) prime?
False
Suppose 0*g - 2*g + 972 = 0. Let h(p) = -298*p + 28. Let l be h(-7). Suppose -g = 4*w - l. Is w composite?
True
Let k(z) = -17*z + 30. Suppose 0 = 5*p - 0*p - 5, 3*p = 2*a - 15. Suppose 13*m = a*m - 28. Is k(m) a prime number?
True
Let n be (-3 + (-24)/(-9))*1*-6. Suppose 3*r - 27034 = n*c - 4*c, -5*c + 5*r = -67635. Is c a prime number?
True
Let m(x) = -x**2 - 11*x + 2. Let f be m(-11). Is (6096/84)/(f/7) composite?
True
Let u be (-1 + (-38)/(-6))*(9 + -42). Let d = u - -41. Is -4 - (1 + 3 + d) a prime number?
True
Suppose -91710 - 53495 = 5*n. Let z = -16280 - n. Is z prime?
False
Let h be 5*((-494)/(-130) + 3/(-1)). Suppose 5*k + 4*m = 58015, h*k + m + 4*m - 46421 = 0. Is k a prime number?
False
Suppose -2*d + 1048141 = 4*u - 458061, -5*u + 1882721 = -2*d. Is u prime?
True
Let x = -6014 - -53896. Suppose 56648 + x = 10*n. Is n a prime number?
True
Let a(f) = 3*f**3 - 12*f**2 + 3*f - 12. Let k be a(8). Suppose -3*r + 11 + 90 = 4*m, 2*r - 39 = 3*m. Let u = k + r. Is u a composite number?
True
Suppose 365*q - 306*q = 3452857. Is q a prime number?
False
Suppose -4*t = -3*g - 1537442, -41*g = 2*t - 37*g - 768710. Is t a composite number?
False
Let u(r) = -r**2 - 17*r + 6. Let w be u(-17). Let b(d) = -6*d + 42. Let x be b(w). Is 2950/x + -2*4/12 a prime number?
True
Suppose m = 5*n + 5*m - 664153, -n + 2*m = -132825. Is n prime?
False
Suppose -l + 2*l = 14. Suppose -9*q = -l*q + 25. Suppose q*r + 420 = 2*s + 18, -4*s + 836 = -2*r. Is s prime?
True
Let q = 4 - 13. Let l(h) = -2*h**3 - 13*h**2 - 17*h + 15. Is l(q) a composite number?
True
Let m = 4688 - 3193. Let q = 3289 - m. Is (4/(36/3))/(2/q) composite?
True
Let m be 0*14/(-168)*1/(-1). Suppose 17*t - 22*t + 55885 = m. Is t a prime number?
True
Let v = -10522 + 18631. Suppose -2*a - 5*w + 39838 = -v, 0 = 5*a + w - 119856. Is a a composite number?
False
Let h = 62 + -68. Let n(t) = -3*t**3 - 7*t**2 + 4*t - 6. Let p be n(h). Suppose -o - 5*y = -2163, -5*o + 10401 = y - p. Is o a prime number?
True
Suppose 4*t + h = 352, -4*t - 2*h = -177 - 171. Suppose -83*o - 22926 = -t*o. Is o a composite number?
False
Let k(l) = l**2 + 5*l - 6. Let i be k(-6). Suppose i = -5*r + 6870 + 4400. Suppose y = 3*n - r, 0*n + y = -5*n + 3770. Is n prime?
False
Let o = 17141 - 7942. Is o composite?
False
Is (-11496948)/(-132) - (-36)/(-33) a prime number?
False
Let k be (3221 + -1)*(-38)/76. Let s = k + 6739. Is s composite?
True
Suppose 23*m - 9*m + 392 = 0. Is -124*(203/m + (-6)/(-2)) prime?
False
Let j(f) = 66728*f + 12957. Is j(8) prime?
True
Let t be (-535)/(-10) + 1/(-2). Suppose -t*z + 56*z + 21 = 0. Let m(a) = -23*a**3 + 8*a**2 - a - 3. Is m(z) composite?
True
Let t be -28*(6/1)/2. Is (274974/t)/(2/(-4)) prime?
True
Let q(v) = 9*v**2 + 19*v - 43. Let m(j) = -5*j**2 - 10*j + 21. Let x(z) = 7*m(z) + 4*q(z). Let f be x(-8). Let r(w) = -w**3 - 4*w**2 + 23*w + 28. Is r(f) prime?
False
Suppose 46 + 34 = 16*v. Suppose 96310 = 11*r - 6*r + 3*u, -4*r = v*u - 77061. Is r a prime number?
True
Let b(q) = -1474*q**3 - 3*q**2 + 10*q + 5. Is b(-4) composite?
False
Suppose 23*w - 14 = 16*w. Is (4 + 4775/w)/((-1)/(-2)) composite?
False
Let o be 17859*((-24)/6)/(-12). Let q = o - 4150. Is q a prime number?
False
Suppose -v + 745 = 4*v - p, -v = 3*p - 133. Let s be -7 - (-6 + 4)*6. Suppose 2*q - 3*a - v = -a, -376 = -s*q + 3*a. Is q composite?
True
Suppose -17*x = -24*x + 238133. Is x composite?
False
Let k = -325 + 330. Suppose -k*n = -57 - 138. Is n prime?
False
Let p = -22722 + 37853. Is p prime?
True
Let k(b) = 55286*b**2 - 14*b - 25. Is k(-2) prime?
False
Suppose -27 = -5*n - 1137. Let b = n + 673. Suppose 4*f - b = 145. Is f a prime number?
True
Let o = 409181 - -92660. Is o composite?
False
Let w(q) = 20*q**2 + 29*q + 33. Let s(x) = 5*x**2 + 7*x + 8. Let d(n) = 9*s(n) - 2*w(n). Suppose j - 2*j - 5 = 0. Is d(j) prime?
False
Let t(c) be the first derivative of -31*c**4/4 - 5*c**3/3 + 6*c**2 - 15*c + 61. I